{"id":1668,"date":"2017-05-04T13:50:01","date_gmt":"2017-05-04T11:50:01","guid":{"rendered":"http:\/\/elkunoviz.org\/fernbehandlung\/"},"modified":"2023-08-15T15:48:57","modified_gmt":"2023-08-15T13:48:57","slug":"tratamiento-a-distancia-old","status":"publish","type":"page","link":"https:\/\/elkunoviz.org\/es\/tratamiento-a-distancia-old\/","title":{"rendered":"Tratamiento a distancia old"},"content":{"rendered":"<p>[et_pb_section fb_built=\u00bb1&#8243; admin_label=\u00bbsection\u00bb _builder_version=\u00bb3.22&#8243;][et_pb_row admin_label=\u00bbrow\u00bb _builder_version=\u00bb3.25&#8243; background_size=\u00bbinitial\u00bb background_position=\u00bbtop_left\u00bb background_repeat=\u00bbrepeat\u00bb][et_pb_column type=\u00bb4_4&#8243; _builder_version=\u00bb3.25&#8243; custom_padding=\u00bb|||\u00bb custom_padding__hover=\u00bb|||\u00bb][et_pb_text admin_label=\u00bbTitle\u00bb _builder_version=\u00bb3.27.4&#8243; background_size=\u00bbinitial\u00bb background_position=\u00bbtop_left\u00bb background_repeat=\u00bbrepeat\u00bb use_border_color=\u00bboff\u00bb border_color=\u00bb#ffffff\u00bb border_style=\u00bbsolid\u00bb]<\/p>\n<h1>Tratamiento a distancia<\/h1>\n<p>[\/et_pb_text][et_pb_image src=\u00bbhttps:\/\/elkunoviz.org\/wp-content\/uploads\/2017\/05\/elkunoviz-fernbehandlung-1.jpg\u00bb alt=\u00bbFernbehandlung Pjotr Elkunoviz\u00bb title_text=\u00bbFernbehandlung Pjotr Elkunoviz\u00bb align_tablet=\u00bbcenter\u00bb align_phone=\u00bb\u00bb align_last_edited=\u00bbon|desktop\u00bb admin_label=\u00bbImage\u00bb _builder_version=\u00bb3.23&#8243; use_border_color=\u00bboff\u00bb border_color=\u00bb#ffffff\u00bb border_style=\u00bbsolid\u00bb animation=\u00bboff\u00bb sticky=\u00bboff\u00bb always_center_on_mobile=\u00bbon\u00bb][\/et_pb_image][\/et_pb_column][\/et_pb_row][\/et_pb_section][et_pb_section fb_built=\u00bb1&#8243; admin_label=\u00bbSection\u00bb _builder_version=\u00bb3.22&#8243; custom_padding=\u00bb0px|||\u00bb transparent_background=\u00bboff\u00bb make_fullwidth=\u00bboff\u00bb use_custom_width=\u00bboff\u00bb width_unit=\u00bbon\u00bb][et_pb_row admin_label=\u00bbRow\u00bb _builder_version=\u00bb3.25&#8243; background_size=\u00bbinitial\u00bb background_position=\u00bbtop_left\u00bb background_repeat=\u00bbrepeat\u00bb custom_padding=\u00bb0px|||\u00bb make_fullwidth=\u00bboff\u00bb use_custom_width=\u00bboff\u00bb width_unit=\u00bbon\u00bb][et_pb_column type=\u00bb4_4&#8243; _builder_version=\u00bb3.25&#8243; custom_padding=\u00bb|||\u00bb custom_padding__hover=\u00bb|||\u00bb][et_pb_text admin_label=\u00bbText\u00bb _builder_version=\u00bb4.5.1&#8243; background_size=\u00bbinitial\u00bb background_position=\u00bbtop_left\u00bb background_repeat=\u00bbrepeat\u00bb custom_margin=\u00bb||50px|||\u00bb use_border_color=\u00bboff\u00bb border_color=\u00bb#ffffff\u00bb border_style=\u00bbsolid\u00bb]<\/p>\n<p>En caso de trastornos cr\u00f3nicos, mentales y emocionales son posibles tratamientos posteriores (previa consulta) tambi\u00e9n como sanaciones a distancia con el fin de seguir socorriendo a aquellos que buscan ayuda y de fortalecer sus poderes de auto-sanaci\u00f3n.<\/p>\n<p>Por favor env\u00edenos una foto (no tiene porque ser actual) as\u00ed como una descripci\u00f3n breve de sus temas por Correo electr\u00f3nico. Por favor incluya direcci\u00f3n y n\u00famero de tel\u00e9fono.<\/p>\n<p>El tratamiento a distancia se llevar\u00e1 a cabo con nosotros despu\u00e9s de consultar con usted a partir de las 20:00 horas.<\/p>\n<p>[\/et_pb_text][et_pb_button button_url=\u00bbmail&#116;&#111;&#58;&#105;&#110;&#x66;&#x6f;&#x40;&#x65;&#x6c;&#x6b;&#x75;novi&#122;&#46;&#111;&#114;&#103;\u00bb button_text=\u00bbEquipo\u00bb button_alignment=\u00bbleft\u00bb _builder_version=\u00bb4.5.1&#8243; _module_preset=\u00bbdefault\u00bb custom_margin=\u00bb||50px|||\u00bb hover_enabled=\u00bb0&#8243;][\/et_pb_button][et_pb_image src=\u00bbhttps:\/\/elkunoviz.org\/wp-content\/uploads\/2017\/05\/elkunoviz-fernbehandlung-2.jpg\u00bb alt=\u00bbFernbehandlung Ziel\u00bb title_text=\u00bbFernbehandlung Ziel\u00bb align_tablet=\u00bbcenter\u00bb align_phone=\u00bb\u00bb align_last_edited=\u00bbon|desktop\u00bb admin_label=\u00bbImage\u00bb _builder_version=\u00bb3.23&#8243; use_border_color=\u00bboff\u00bb border_color=\u00bb#ffffff\u00bb border_style=\u00bbsolid\u00bb animation=\u00bboff\u00bb sticky=\u00bboff\u00bb always_center_on_mobile=\u00bbon\u00bb][\/et_pb_image][\/et_pb_column][\/et_pb_row][\/et_pb_section]<\/p>\n","protected":false},"excerpt":{"rendered":"<p>Tratamiento a distancia En caso de trastornos cr\u00f3nicos, mentales y emocionales son posibles tratamientos posteriores (previa consulta) tambi\u00e9n como sanaciones a distancia con el fin de seguir socorriendo a aquellos que buscan ayuda y de fortalecer sus poderes de auto-sanaci\u00f3n. Por favor env\u00edenos una foto (no tiene porque ser actual) as\u00ed como una descripci\u00f3n breve [&hellip;]<\/p>\n","protected":false},"author":8,"featured_media":0,"parent":0,"menu_order":0,"comment_status":"closed","ping_status":"closed","template":"","meta":{"_et_pb_use_builder":"on","_et_pb_old_content":"","_et_gb_content_width":"","inline_featured_image":false,"footnotes":""},"class_list":["post-1668","page","type-page","status-publish","hentry"],"yoast_head":"<!-- This site is optimized with the Yoast SEO plugin v27.4 - https:\/\/yoast.com\/product\/yoast-seo-wordpress\/ -->\n<title>Tratamiento a distancia \u2022 Charlene &amp; Pjotr Elkunoviz<\/title>\n<meta name=\"description\" content=\"En caso de trastornos cr\u00f3nicos, mentales y emocionales son posibles tratamientos posteriores (previa consulta) tambi\u00e9n como sanaciones a distancia...\" \/>\n<meta name=\"robots\" content=\"index, follow, max-snippet:-1, max-image-preview:large, max-video-preview:-1\" \/>\n<link rel=\"canonical\" href=\"https:\/\/elkunoviz.org\/es\/tratamiento-a-distancia-old\/\" \/>\n<meta property=\"og:locale\" content=\"es_ES\" \/>\n<meta property=\"og:type\" content=\"article\" \/>\n<meta property=\"og:title\" content=\"Tratamiento a distancia \u2022 Charlene &amp; Pjotr Elkunoviz\" \/>\n<meta property=\"og:description\" content=\"En caso de trastornos cr\u00f3nicos, mentales y emocionales son posibles tratamientos posteriores (previa consulta) tambi\u00e9n como sanaciones a distancia...\" \/>\n<meta property=\"og:url\" content=\"https:\/\/elkunoviz.org\/es\/tratamiento-a-distancia-old\/\" \/>\n<meta property=\"og:site_name\" content=\"Elkunoviz\" \/>\n<meta property=\"article:publisher\" content=\"https:\/\/www.facebook.com\/Elkunoviz\/\" \/>\n<meta property=\"article:modified_time\" content=\"2023-08-15T13:48:57+00:00\" \/>\n<meta name=\"twitter:card\" content=\"summary_large_image\" \/>\n<meta name=\"twitter:label1\" content=\"Tiempo de lectura\" \/>\n\t<meta name=\"twitter:data1\" content=\"2 minutos\" \/>\n<script type=\"application\/ld+json\" class=\"yoast-schema-graph\">{\"@context\":\"https:\\\/\\\/schema.org\",\"@graph\":[{\"@type\":\"WebPage\",\"@id\":\"https:\\\/\\\/elkunoviz.org\\\/es\\\/tratamiento-a-distancia-old\\\/\",\"url\":\"https:\\\/\\\/elkunoviz.org\\\/es\\\/tratamiento-a-distancia-old\\\/\",\"name\":\"Tratamiento a distancia \u2022 Charlene & Pjotr Elkunoviz\",\"isPartOf\":{\"@id\":\"https:\\\/\\\/elkunoviz.org\\\/es\\\/#website\"},\"datePublished\":\"2017-05-04T11:50:01+00:00\",\"dateModified\":\"2023-08-15T13:48:57+00:00\",\"description\":\"En caso de trastornos cr\u00f3nicos, mentales y emocionales son posibles tratamientos posteriores (previa consulta) tambi\u00e9n como sanaciones a distancia...\",\"breadcrumb\":{\"@id\":\"https:\\\/\\\/elkunoviz.org\\\/es\\\/tratamiento-a-distancia-old\\\/#breadcrumb\"},\"inLanguage\":\"es\",\"potentialAction\":[{\"@type\":\"ReadAction\",\"target\":[\"https:\\\/\\\/elkunoviz.org\\\/es\\\/tratamiento-a-distancia-old\\\/\"]}]},{\"@type\":\"BreadcrumbList\",\"@id\":\"https:\\\/\\\/elkunoviz.org\\\/es\\\/tratamiento-a-distancia-old\\\/#breadcrumb\",\"itemListElement\":[{\"@type\":\"ListItem\",\"position\":1,\"name\":\"Home\",\"item\":\"https:\\\/\\\/elkunoviz.org\\\/es\\\/\"},{\"@type\":\"ListItem\",\"position\":2,\"name\":\"Tratamiento a distancia old\"}]},{\"@type\":\"WebSite\",\"@id\":\"https:\\\/\\\/elkunoviz.org\\\/es\\\/#website\",\"url\":\"https:\\\/\\\/elkunoviz.org\\\/es\\\/\",\"name\":\"Elkunoviz\",\"description\":\"Allumfassende Heilung\",\"publisher\":{\"@id\":\"https:\\\/\\\/elkunoviz.org\\\/es\\\/#organization\"},\"potentialAction\":[{\"@type\":\"SearchAction\",\"target\":{\"@type\":\"EntryPoint\",\"urlTemplate\":\"https:\\\/\\\/elkunoviz.org\\\/es\\\/?s={search_term_string}\"},\"query-input\":{\"@type\":\"PropertyValueSpecification\",\"valueRequired\":true,\"valueName\":\"search_term_string\"}}],\"inLanguage\":\"es\"},{\"@type\":\"Organization\",\"@id\":\"https:\\\/\\\/elkunoviz.org\\\/es\\\/#organization\",\"name\":\"Pjotr Elkunoviz \u2013 Allumfassende Heilung durch den Geist\",\"url\":\"https:\\\/\\\/elkunoviz.org\\\/es\\\/\",\"logo\":{\"@type\":\"ImageObject\",\"inLanguage\":\"es\",\"@id\":\"https:\\\/\\\/elkunoviz.org\\\/es\\\/#\\\/schema\\\/logo\\\/image\\\/\",\"url\":\"https:\\\/\\\/elkunoviz.org\\\/wp-content\\\/uploads\\\/2023\\\/07\\\/logo.png\",\"contentUrl\":\"https:\\\/\\\/elkunoviz.org\\\/wp-content\\\/uploads\\\/2023\\\/07\\\/logo.png\",\"width\":192,\"height\":194,\"caption\":\"Pjotr Elkunoviz \u2013 Allumfassende Heilung durch den Geist\"},\"image\":{\"@id\":\"https:\\\/\\\/elkunoviz.org\\\/es\\\/#\\\/schema\\\/logo\\\/image\\\/\"},\"sameAs\":[\"https:\\\/\\\/www.facebook.com\\\/Elkunoviz\\\/\",\"https:\\\/\\\/www.youtube.com\\\/channel\\\/UCrSjEuxgm3q8hGCVX3CG5vg\"]}]}<\/script>\n<!-- \/ Yoast SEO plugin. -->","yoast_head_json":{"title":"Tratamiento a distancia \u2022 Charlene & Pjotr Elkunoviz","description":"En caso de trastornos cr\u00f3nicos, mentales y emocionales son posibles tratamientos posteriores (previa consulta) tambi\u00e9n como sanaciones a distancia...","robots":{"index":"index","follow":"follow","max-snippet":"max-snippet:-1","max-image-preview":"max-image-preview:large","max-video-preview":"max-video-preview:-1"},"canonical":"https:\/\/elkunoviz.org\/es\/tratamiento-a-distancia-old\/","og_locale":"es_ES","og_type":"article","og_title":"Tratamiento a distancia \u2022 Charlene & Pjotr Elkunoviz","og_description":"En caso de trastornos cr\u00f3nicos, mentales y emocionales son posibles tratamientos posteriores (previa consulta) tambi\u00e9n como sanaciones a distancia...","og_url":"https:\/\/elkunoviz.org\/es\/tratamiento-a-distancia-old\/","og_site_name":"Elkunoviz","article_publisher":"https:\/\/www.facebook.com\/Elkunoviz\/","article_modified_time":"2023-08-15T13:48:57+00:00","twitter_card":"summary_large_image","twitter_misc":{"Tiempo de lectura":"2 minutos"},"schema":{"@context":"https:\/\/schema.org","@graph":[{"@type":"WebPage","@id":"https:\/\/elkunoviz.org\/es\/tratamiento-a-distancia-old\/","url":"https:\/\/elkunoviz.org\/es\/tratamiento-a-distancia-old\/","name":"Tratamiento a distancia \u2022 Charlene & Pjotr Elkunoviz","isPartOf":{"@id":"https:\/\/elkunoviz.org\/es\/#website"},"datePublished":"2017-05-04T11:50:01+00:00","dateModified":"2023-08-15T13:48:57+00:00","description":"En caso de trastornos cr\u00f3nicos, mentales y emocionales son posibles tratamientos posteriores (previa consulta) tambi\u00e9n como sanaciones a distancia...","breadcrumb":{"@id":"https:\/\/elkunoviz.org\/es\/tratamiento-a-distancia-old\/#breadcrumb"},"inLanguage":"es","potentialAction":[{"@type":"ReadAction","target":["https:\/\/elkunoviz.org\/es\/tratamiento-a-distancia-old\/"]}]},{"@type":"BreadcrumbList","@id":"https:\/\/elkunoviz.org\/es\/tratamiento-a-distancia-old\/#breadcrumb","itemListElement":[{"@type":"ListItem","position":1,"name":"Home","item":"https:\/\/elkunoviz.org\/es\/"},{"@type":"ListItem","position":2,"name":"Tratamiento a distancia old"}]},{"@type":"WebSite","@id":"https:\/\/elkunoviz.org\/es\/#website","url":"https:\/\/elkunoviz.org\/es\/","name":"Elkunoviz","description":"Allumfassende Heilung","publisher":{"@id":"https:\/\/elkunoviz.org\/es\/#organization"},"potentialAction":[{"@type":"SearchAction","target":{"@type":"EntryPoint","urlTemplate":"https:\/\/elkunoviz.org\/es\/?s={search_term_string}"},"query-input":{"@type":"PropertyValueSpecification","valueRequired":true,"valueName":"search_term_string"}}],"inLanguage":"es"},{"@type":"Organization","@id":"https:\/\/elkunoviz.org\/es\/#organization","name":"Pjotr Elkunoviz \u2013 Allumfassende Heilung durch den Geist","url":"https:\/\/elkunoviz.org\/es\/","logo":{"@type":"ImageObject","inLanguage":"es","@id":"https:\/\/elkunoviz.org\/es\/#\/schema\/logo\/image\/","url":"https:\/\/elkunoviz.org\/wp-content\/uploads\/2023\/07\/logo.png","contentUrl":"https:\/\/elkunoviz.org\/wp-content\/uploads\/2023\/07\/logo.png","width":192,"height":194,"caption":"Pjotr Elkunoviz \u2013 Allumfassende Heilung durch den Geist"},"image":{"@id":"https:\/\/elkunoviz.org\/es\/#\/schema\/logo\/image\/"},"sameAs":["https:\/\/www.facebook.com\/Elkunoviz\/","https:\/\/www.youtube.com\/channel\/UCrSjEuxgm3q8hGCVX3CG5vg"]}]}},"_links":{"self":[{"href":"https:\/\/elkunoviz.org\/es\/wp-json\/wp\/v2\/pages\/1668","targetHints":{"allow":["GET"]}}],"collection":[{"href":"https:\/\/elkunoviz.org\/es\/wp-json\/wp\/v2\/pages"}],"about":[{"href":"https:\/\/elkunoviz.org\/es\/wp-json\/wp\/v2\/types\/page"}],"author":[{"embeddable":true,"href":"https:\/\/elkunoviz.org\/es\/wp-json\/wp\/v2\/users\/8"}],"replies":[{"embeddable":true,"href":"https:\/\/elkunoviz.org\/es\/wp-json\/wp\/v2\/comments?post=1668"}],"version-history":[{"count":4,"href":"https:\/\/elkunoviz.org\/es\/wp-json\/wp\/v2\/pages\/1668\/revisions"}],"predecessor-version":[{"id":12544,"href":"https:\/\/elkunoviz.org\/es\/wp-json\/wp\/v2\/pages\/1668\/revisions\/12544"}],"wp:attachment":[{"href":"https:\/\/elkunoviz.org\/es\/wp-json\/wp\/v2\/media?parent=1668"}],"curies":[{"name":"wp","href":"https:\/\/api.w.org\/{rel}","templated":true}]}}

<p>[et_pb_section fb_built=»1&#8243; admin_label=»section» _builder_version=»3.22&#8243;][et_pb_row admin_label=»row» _builder_version=»3.25&#8243; background_size=»initial» background_position=»top_left» background_repeat=»repeat»][et_pb_column type=»4_4&#8243; _builder_version=»3.25&#8243; custom_padding=»|||» custom_padding__hover=»|||»][et_pb_text admin_label=»Title» _builder_version=»3.27.4&#8243; background_size=»initial» background_position=»top_left» background_repeat=»repeat» use_border_color=»off» border_color=»#ffffff» border_style=»solid»]</p>
<h1>Tratamiento a distancia</h1>
<p>[/et_pb_text][et_pb_image src=»https://elkunoviz.org/wp-content/uploads/2017/05/elkunoviz-fernbehandlung-1.jpg» alt=»Fernbehandlung Pjotr Elkunoviz» title_text=»Fernbehandlung Pjotr Elkunoviz» align_tablet=»center» align_phone=»» align_last_edited=»on|desktop» admin_label=»Image» _builder_version=»3.23&#8243; use_border_color=»off» border_color=»#ffffff» border_style=»solid» animation=»off» sticky=»off» always_center_on_mobile=»on»][/et_pb_image][/et_pb_column][/et_pb_row][/et_pb_section][et_pb_section fb_built=»1&#8243; admin_label=»Section» _builder_version=»3.22&#8243; custom_padding=»0px|||» transparent_background=»off» make_fullwidth=»off» use_custom_width=»off» width_unit=»on»][et_pb_row admin_label=»Row» _builder_version=»3.25&#8243; background_size=»initial» background_position=»top_left» background_repeat=»repeat» custom_padding=»0px|||» make_fullwidth=»off» use_custom_width=»off» width_unit=»on»][et_pb_column type=»4_4&#8243; _builder_version=»3.25&#8243; custom_padding=»|||» custom_padding__hover=»|||»][et_pb_text admin_label=»Text» _builder_version=»4.5.1&#8243; background_size=»initial» background_position=»top_left» background_repeat=»repeat» custom_margin=»||50px|||» use_border_color=»off» border_color=»#ffffff» border_style=»solid»]</p>
<p>En caso de trastornos crónicos, mentales y emocionales son posibles tratamientos posteriores (previa consulta) también como sanaciones a distancia con el fin de seguir socorriendo a aquellos que buscan ayuda y de fortalecer sus poderes de auto-sanación.</p>
<p>Por favor envíenos una foto (no tiene porque ser actual) así como una descripción breve de sus temas por Correo electrónico. Por favor incluya dirección y número de teléfono.</p>
<p>El tratamiento a distancia se llevará a cabo con nosotros después de consultar con usted a partir de las 20:00 horas.</p>
<p>[/et_pb_text][et_pb_button button_url=»mail&#116;&#111;&#58;&#105;&#110;&#x66;&#x6f;&#x40;&#x65;&#x6c;&#x6b;&#x75;novi&#122;&#46;&#111;&#114;&#103;» button_text=»Equipo» button_alignment=»left» _builder_version=»4.5.1&#8243; _module_preset=»default» custom_margin=»||50px|||» hover_enabled=»0&#8243;][/et_pb_button][et_pb_image src=»https://elkunoviz.org/wp-content/uploads/2017/05/elkunoviz-fernbehandlung-2.jpg» alt=»Fernbehandlung Ziel» title_text=»Fernbehandlung Ziel» align_tablet=»center» align_phone=»» align_last_edited=»on|desktop» admin_label=»Image» _builder_version=»3.23&#8243; use_border_color=»off» border_color=»#ffffff» border_style=»solid» animation=»off» sticky=»off» always_center_on_mobile=»on»][/et_pb_image][/et_pb_column][/et_pb_row][/et_pb_section]</p>

<p>Tratamiento a distancia En caso de trastornos crónicos, mentales y emocionales son posibles tratamientos posteriores (previa consulta) también como sanaciones a distancia con el fin de seguir socorriendo a aquellos que buscan ayuda y de fortalecer sus poderes de auto-sanación. Por favor envíenos una foto (no tiene porque ser actual) así como una descripción breve [&hellip;]</p>

<!-- This site is optimized with the Yoast SEO plugin v27.4 - https://yoast.com/product/yoast-seo-wordpress/ -->
<title>Tratamiento a distancia • Charlene &amp; Pjotr Elkunoviz</title>
<meta name="description" content="En caso de trastornos crónicos, mentales y emocionales son posibles tratamientos posteriores (previa consulta) también como sanaciones a distancia..." />
<meta name="robots" content="index, follow, max-snippet:-1, max-image-preview:large, max-video-preview:-1" />
<link rel="canonical" href="https://elkunoviz.org/es/tratamiento-a-distancia-old/" />
<meta property="og:locale" content="es_ES" />
<meta property="og:type" content="article" />
<meta property="og:title" content="Tratamiento a distancia • Charlene &amp; Pjotr Elkunoviz" />
<meta property="og:description" content="En caso de trastornos crónicos, mentales y emocionales son posibles tratamientos posteriores (previa consulta) también como sanaciones a distancia..." />
<meta property="og:url" content="https://elkunoviz.org/es/tratamiento-a-distancia-old/" />
<meta property="og:site_name" content="Elkunoviz" />
<meta property="article:publisher" content="https://www.facebook.com/Elkunoviz/" />
<meta property="article:modified_time" content="2023-08-15T13:48:57+00:00" />
<meta name="twitter:card" content="summary_large_image" />
<meta name="twitter:label1" content="Tiempo de lectura" />
	<meta name="twitter:data1" content="2 minutos" />
<script type="application/ld+json" class="yoast-schema-graph">{"@context":"https:\/\/schema.org","@graph":[{"@type":"WebPage","@id":"https:\/\/elkunoviz.org\/es\/tratamiento-a-distancia-old\/","url":"https:\/\/elkunoviz.org\/es\/tratamiento-a-distancia-old\/","name":"Tratamiento a distancia • Charlene & Pjotr Elkunoviz","isPartOf":{"@id":"https:\/\/elkunoviz.org\/es\/#website"},"datePublished":"2017-05-04T11:50:01+00:00","dateModified":"2023-08-15T13:48:57+00:00","description":"En caso de trastornos crónicos, mentales y emocionales son posibles tratamientos posteriores (previa consulta) también como sanaciones a distancia...","breadcrumb":{"@id":"https:\/\/elkunoviz.org\/es\/tratamiento-a-distancia-old\/#breadcrumb"},"inLanguage":"es","potentialAction":[{"@type":"ReadAction","target":["https:\/\/elkunoviz.org\/es\/tratamiento-a-distancia-old\/"]}]},{"@type":"BreadcrumbList","@id":"https:\/\/elkunoviz.org\/es\/tratamiento-a-distancia-old\/#breadcrumb","itemListElement":[{"@type":"ListItem","position":1,"name":"Home","item":"https:\/\/elkunoviz.org\/es\/"},{"@type":"ListItem","position":2,"name":"Tratamiento a distancia old"}]},{"@type":"WebSite","@id":"https:\/\/elkunoviz.org\/es\/#website","url":"https:\/\/elkunoviz.org\/es\/","name":"Elkunoviz","description":"Allumfassende Heilung","publisher":{"@id":"https:\/\/elkunoviz.org\/es\/#organization"},"potentialAction":[{"@type":"SearchAction","target":{"@type":"EntryPoint","urlTemplate":"https:\/\/elkunoviz.org\/es\/?s={search_term_string}"},"query-input":{"@type":"PropertyValueSpecification","valueRequired":true,"valueName":"search_term_string"}}],"inLanguage":"es"},{"@type":"Organization","@id":"https:\/\/elkunoviz.org\/es\/#organization","name":"Pjotr Elkunoviz – Allumfassende Heilung durch den Geist","url":"https:\/\/elkunoviz.org\/es\/","logo":{"@type":"ImageObject","inLanguage":"es","@id":"https:\/\/elkunoviz.org\/es\/#\/schema\/logo\/image\/","url":"https:\/\/elkunoviz.org\/wp-content\/uploads\/2023\/07\/logo.png","contentUrl":"https:\/\/elkunoviz.org\/wp-content\/uploads\/2023\/07\/logo.png","width":192,"height":194,"caption":"Pjotr Elkunoviz – Allumfassende Heilung durch den Geist"},"image":{"@id":"https:\/\/elkunoviz.org\/es\/#\/schema\/logo\/image\/"},"sameAs":["https:\/\/www.facebook.com\/Elkunoviz\/","https:\/\/www.youtube.com\/channel\/UCrSjEuxgm3q8hGCVX3CG5vg"]}]}</script>
<!-- / Yoast SEO plugin. -->

En caso de trastornos crónicos, mentales y emocionales son posibles tratamientos posteriores (previa consulta) también como sanaciones a distancia...
